{"id":44,"date":"2024-01-18T16:53:25","date_gmt":"2024-01-18T15:53:25","guid":{"rendered":"https:\/\/zahnarztpraxis-laederach.ch\/?page_id=44"},"modified":"2024-01-22T00:18:26","modified_gmt":"2024-01-21T23:18:26","slug":"implantate","status":"publish","type":"page","link":"https:\/\/zahnarztpraxis-laederach.ch\/?page_id=44","title":{"rendered":"IMPLANTOLOGIE"},"content":{"rendered":"<p>Erleben Sie in unserer Zahnarztpraxis moderne Implantologie als M\u00f6glichkeit f\u00fcr einen langanhaltenden Zahnersatz. Unsere Zahn\u00e4rztinnen setzen auf hochwertige Implantate und Knochenersatzmaterialien, um von Einzelimplantaten bis zu komplexen Versorgungen fortschrittliche L\u00f6sungen zu bieten. Durch individuelle Beratung und einf\u00fchlsame Betreuung schaffen wir Vertrauen und eine angenehme Behandlungsatmosph\u00e4re. Entdecken Sie die Vorteile der Implantologie f\u00fcr ein strahlendes L\u00e4cheln und die Wiederherstellung Ihres L\u00e4chelns. Gerne beraten wir Sie \u00fcber Therapiem\u00f6glichkeiten und deren Alternativen.<\/p>\n","protected":false},"excerpt":{"rendered":"<p>Erleben Sie in unserer Zahnarztpraxis moderne Implantologie als M\u00f6glichkeit f\u00fcr einen langanhaltenden Zahnersatz. Unsere Zahn\u00e4rztinnen setzen auf hochwertige Implantate und Knochenersatzmaterialien, um von Einzelimplantaten bis zu komplexen Versorgungen fortschrittliche L\u00f6sungen zu bieten. Durch individuelle Beratung und einf\u00fchlsame Betreuung schaffen wir Vertrauen und eine angenehme Behandlungsatmosph\u00e4re. Entdecken Sie die Vorteile der Implantologie f\u00fcr ein strahlendes L\u00e4cheln <a href=\"https:\/\/zahnarztpraxis-laederach.ch\/?page_id=44\" class=\"more-link\">&#8230;<span class=\"screen-reader-text\">  IMPLANTOLOGIE<\/span><\/a><\/p>\n","protected":false},"author":1,"featured_media":0,"parent":0,"menu_order":0,"comment_status":"closed","ping_status":"closed","template":"","meta":{"inline_featured_image":false,"footnotes":""},"class_list":["post-44","page","type-page","status-publish","hentry"],"acf":[],"_links":{"self":[{"href":"https:\/\/zahnarztpraxis-laederach.ch\/index.php?rest_route=\/wp\/v2\/pages\/44","targetHints":{"allow":["GET"]}}],"collection":[{"href":"https:\/\/zahnarztpraxis-laederach.ch\/index.php?rest_route=\/wp\/v2\/pages"}],"about":[{"href":"https:\/\/zahnarztpraxis-laederach.ch\/index.php?rest_route=\/wp\/v2\/types\/page"}],"author":[{"embeddable":true,"href":"https:\/\/zahnarztpraxis-laederach.ch\/index.php?rest_route=\/wp\/v2\/users\/1"}],"replies":[{"embeddable":true,"href":"https:\/\/zahnarztpraxis-laederach.ch\/index.php?rest_route=%2Fwp%2Fv2%2Fcomments&post=44"}],"version-history":[{"count":3,"href":"https:\/\/zahnarztpraxis-laederach.ch\/index.php?rest_route=\/wp\/v2\/pages\/44\/revisions"}],"predecessor-version":[{"id":344,"href":"https:\/\/zahnarztpraxis-laederach.ch\/index.php?rest_route=\/wp\/v2\/pages\/44\/revisions\/344"}],"wp:attachment":[{"href":"https:\/\/zahnarztpraxis-laederach.ch\/index.php?rest_route=%2Fwp%2Fv2%2Fmedia&parent=44"}],"curies":[{"name":"wp","href":"https:\/\/api.w.org\/{rel}","templated":true}]}}